 - -6. Suppose i*p = 8*p - 45. Suppose b + p = t, -t + 5*b = -0*t + 11. What are the prime factors of t?
2, 7
Suppose 3*m + 2*t - 713 = 0, -4*t - 261 = -0*m - m. What are the prime factors of m?
241
Suppose 1 = -2*t - 3, -5*t = -2*p + 110. Suppose 0 = j + 4*j - p. Suppose 4*w + i + 2 = 20, 5*i = -j. What are the prime factors of w?
5
Let q(n) = n + 1. Suppose 5 = 5*g - 5. Let k be q(g). Let z = 9 - k. What are the prime factors of z?
2, 3
Let b be 21/5 + (-4 - (-19)/5). Let x = -5 + 7. Let d = b - x. What are the prime factors of d?
2
Suppose y + 2*y = i - 27, -2*y = 6. Suppose -g - z = g + 11, g = 4*z - 1. Let m = g + i. List the prime factors of m.
13
Suppose -2*y = 13 + 23. Let v be 4 + -35 + -3 + 4. Let l = y - v. List the prime factors of l.
2, 3
Suppose 0 = 2*h - 5 - 3. Suppose 0 + h = -4*v. What are the prime factors of (0 - -5) + 2*v?
3
Suppose -2*a - a = -4*v - 26, -4*v + a - 30 = 0. Let w = 9 - v. What are the prime factors of w?
17
Let k = -68 - -95. What are the prime factors of k?
3
Let o be ((-6)/(-4))/((-3)/(-72)). Let h = -21 + o. List the prime factors of h.
3, 5
Let k be (-116)/(-36) - 6/27. Suppose w = 3*c + 9, 2*w - 2*c = -k*c + 46. What are the prime factors of w?
3, 7
Let n = -314 - -441. List the prime factors of n.
127
What are the prime factors of 127 + -3*(-4)/(-3)?
3, 41
Let h = -21 + 13. List the prime factors of (-222)/h + 10/40.
2, 7
Let u = -66 + 113. List the prime factors of u.
47
Let k = 1 + -1. Let g be (-1)/3*k/2. Suppose g*m - 2 = -m. What are the prime factors of m?
2
What are the prime factors of 51*(-5)/(-25)*5?
3, 17
Let q(a) be the second derivative of -a**4/12 + 4*a**3/3 - 3*a**2 + 5*a. What are the prime factors of q(6)?
2, 3
Let j be 1 - (2*-11 - -1). Let k = 34 - j. List the prime factors of k.
2, 3
Let o(x) = -2*x - 2. Let n be o(-3). Suppose n*z = 204 - 60. Suppose 4*j - 4*p - z = -p, -18 = -2*j - 5*p. List the prime factors of j.
3
Let o = -1 + -2. Let y(a) be the second derivative of -a**5/20 - a**4/4 - a**3/3 + 2*a**2 + 2*a. List the prime factors of y(o).
2, 5
Let i(k) = 3*k**2 + 18*k - 11. Let w(c) = -2*c**2 - 17*c + 10. Let y(l) = -3*i(l) - 4*w(l). What are the prime factors of y(13)?
2, 3
Let d = -18 - -2. Let x = d - -25. List the prime factors of x.
3
Let u be ((-6)/8)/(1/(-20)). Let v = 7 - u. Let p(h) = -2*h + 1. What are the prime factors of p(v)?
17
Let f(j) = 2*j**2 - 6*j + 6. Let a be f(4). What are the prime factors of a*-3*1/(-6)?
7
Let l(w) = -2*w**2 - 39*w + 6. What are the prime factors of l(-19)?
5
Let h be 24/2 - 0/3. Let a = h - 5. Suppose -a = -2*v - 3. List the prime factors of v.
2
Suppose -4*l - 9 = -5*l. List the prime factors of l.
3
Let r = -5 - -8. Suppose 27 = r*h - 0. List the prime factors of h.
3
Suppose 5*b + 5 = s - 4*s, -4*b - s + 3 = 0. Suppose 4*y = y + 3*f + 9, y + b*f = 9. List the prime factors of y.
5
Let i be 0*2/(-4) - 1. Let m be (0/(2/(-1)))/(-2). What are the prime factors of 8 + m*(-2 - i)?
2
Suppose -2*r - r + 128 = 2*n, 4*r = -4*n + 264. List the prime factors of n.
2, 5, 7
Suppose 6 = 3*d, 7 = -2*w - w + 2*d. Let v be (-2)/10 - w/5. Suppose -b = 4*z + 2, -3*b - 2*z + 44 = -v*b. List the prime factors of b.
2, 3
List the prime factors of 9/(45/20) + -1 + 337.
2, 5, 17
Suppose 5*z - 204 = -59. Suppose 4*u - 64 = -4*r, 3*r - 27 = -5*u + z. Suppose -3*t - t = r, -12 = -3*d - 4*t. What are the prime factors of d?
2
Suppose 3*s + s + 348 = 4*o, -5 = -5*o. Let g be s/(-7) + (-4)/14. What are the prime factors of 98/6 + 8/g?
17
Suppose -2*p - 197 = -29. Let z = p - -136. Suppose 7 = -3*n + z. What are the prime factors of n?
3, 5
Suppose 2*z = z + 2. Suppose -2*a = 2*b + 2*a, 0 = -b - 3*a - z. What are the prime factors of b?
2
Let n be (-2 + 4)*(-10)/2. List the prime factors of 146/4 + 5/n.
2, 3
Let r be (-3)/6*2*0. Suppose f = -r*f + 2. List the prime factors of (1/2)/(f/32).
2
Let p = 608 - 430. List the prime factors of 30/195 + p/26.
7
Let x(f) = -12*f - 14. What are the prime factors of x(-7)?
2, 5, 7
Suppose w - 91 = -18. List the prime factors of w.
73
Let k(h) = -h**3 + 6*h**2 + 8*h + 2. Let o be k(6). Suppose -11 = 3*i - o. What are the prime factors of i?
13
Let x(u) = 2*u**2 - 9*u + 13. List the prime factors of x(9).
2, 47
Suppose -3*q + 48 = 12. Suppose -2 = -m + o - 4*o, 0 = -4*o - q. What are the prime factors of m?
11
Let x(q) = -8*q + 1. Let z = 2 + -4. What are the prime factors of x(z)?
17
Suppose -3*a - 140 = -5*k, 4*a = k + k - 56. List the prime factors of k.
2, 7
Let m be ((-60)/18)/(1/3). Let b(z) = -z**2 - 14*z - 15. What are the prime factors of b(m)?
5
Suppose -v - 3*b - 2*b = 25, -3*v = 2*b + 10. Suppose y - c - 14 = v, -4*y = 5*c - c - 32. What are the prime factors of y?
11
Let z be (-13)/2*-2 - -3. Let x = -31 + z. What are the prime factors of (-6)/x - 18/(-5)?
2
Suppose -34 - 14 = -2*u. What are the prime factors of u?
2, 3
List the prime factors of (-4)/12 - (-58)/3.
19
Suppose b + 6 = 5*v, 0 = b - v + 5*v - 3. Let l = b + -8. Let z = 14 + l. What are the prime factors of z?
5
Suppose 85 = 2*b - 6*q + q, -5*b - 5*q = -125. List the prime factors of b.
2, 3, 5
Let y = -72 - -139. Suppose 3*b - 2*w = -0*w + 37, -2*w = -5*b + y. What are the prime factors of b?
3, 5
Let m be (-1)/((15/(-84))/5). Suppose -3*w = -5*g - 25, -m = -3*w - w + 4*g. Suppose 2*k = -4, -w*a + 2 + 17 = 3*k. List the prime factors of a.
5
List the prime factors of 183 + (-10)/(-5) + 0.
5, 37
Let w = 14 + 61. What are the prime factors of w?
3, 5
Let u(v) = v**3 + v**2 - v + 2. Let n = -5 + 3. Let t be (-2)/(n/(1 - -1)). What are the prime factors of u(t)?
2, 3
Suppose -2*j = -3*r - 57, -2*r - 34 - 39 = -3*j. What are the prime factors of j?
3, 7
Suppose 0 = -3*x - 29 + 11. Let m be (-20)/x*(-18)/(-15). Suppose -5*r = -5*b + 35, -5*r + 21 = m*b - 2*r. List the prime factors of b.
2, 3
Suppose 0 = -15*z + 19*z - 532. What are the prime factors of z?
7, 19
Let t = 11 - 6. Let x be -2 - -1 - (t - 2). List the prime factors of (2/x)/(5/(-110)).
11
Let c be 3*(-6)/(-9) - -1. Let z be (-2)/(-3)*(-15 + c). Let k = z + 20. List the prime factors of k.
2, 3
Suppose -l + 4 = -o, -6*o + 8 = -4*o + 2*l. Suppose o = i - 5*i + 12. What are the prime factors of i?
3
Let q be (2/2)/(-1 + 0). Let z(t) = -57*t + 1. What are the prime factors of z(q)?
2, 29
Let x(c) = -c**2 + 8*c - 1. Let a be x(7). Let i be ((-4)/a)/(12/(-54)). Suppose -w = i*w - 16. List the prime factors of w.
2
Let z(i) = 13*i**2 + i - 4. What are the prime factors of z(2)?
2, 5
Let k be 5 - 1/3*3. Suppose 0 = j + 2*h + 6, h + 14 - k = 3*j. Suppose -p - j = 0, 3*c + p - 2 - 2 = 0. What are the prime factors of c?
2
Let j(t) be the first derivative of t**3 + 2*t**2 + 3*t - 1. Let y(q) = -q**3 + q**2 - q - 2. Let w be y(0). List the prime factors of j(w).
7
Suppose 0 = 8*c + c - 2097. List the prime factors of c.
233
Suppose 4*o = -4, 3*o = -5*d + 40 + 357. Let f = -45 + d. Suppose 5*k + 0 = -5*q + 15, -5*q = k - f. What are the prime factors of q?
2
Suppose -5*c - 40 + 106 = -s, c + 5*s - 8 = 0. Suppose -2*v + 4*w + c + 21 = 0, -3*v = 4*w - 61. What are the prime factors of -1 + v + -1*2?
2
Let d be 1*(-3 - -82)/1. Suppose -4*t + 91 = -3*b + 3, 0 = 3*t + b - d. What are the prime factors of t?
5
Suppose 0 = -3*x - 14 + 38. Let j(v) = -v**3 + 6*v**2 + 5*v - 8. Let a be j(6). Let d = a - x. List the prime factors of d.
2, 7
Suppose 5*h = 7 + 8. Suppose h*m - m = 3*y - 23, -4*y + 3*m = -30. What are the prime factors of y?
3
Suppose 3*k = 11*k - 480. What are the prime factors of k?
2, 3, 5
Let f be (114 - 3)*1/(-3). Let l = -18 - f. What are the prime factors of l?
19
Let k = -4 + 19. Let b = k - -3. What are the prime factors of b?
2, 3
Let y = 0 + 0. Suppose 0 = g - y + 1. What are the prime factors of 0 - ((-1)/1 + g)?
2
Let h be (-18)/(-4)*(-6)/3. Let m = 41 + h. List the prime factors of m.
2
Let w be (-3)/(6/(-4)) + 0. Suppose -w*i = i. Suppose i*t + 8 = 2*t. List the prime factors of t.
2
Let y = 6 + -26. Let z be -8 - ((4 - 5) + 3). Let n = z - y. What are the prime factors of n?
2, 5
Let o be (2 - 1)/((-2)/(-10)). Suppose -31 - 89 = -o*l. List the prime factors of l.
2, 3
Let j(x) = -2*x + 4. Let f be j(4). Let c = f + 16. List the prime factors of (c/18)/(2/24).
2
Suppose 2*i = -4*j + 